(7). Suppose 5*z - y = 2*s, z = -3*s + 2*s + 20. Is z a composite number?
False
Suppose 6*i + 526 = 1588. Is i*1/3*(-2 - -3) a prime number?
True
Suppose -2361428 = -106*x - 134898. Is x a composite number?
True
Let x(q) be the first derivative of 27*q**4/4 - 23*q**3/3 - 15*q**2/2 + 8*q - 105. Is x(9) prime?
False
Let n be 24/(-72)*(-42)/1. Suppose 2*r - 22 = -2*g - 2*g, 0 = -r + 3*g - n. Is -74*(r - (-65)/(-10)) prime?
False
Let y(z) = -z. Let q(c) = -105*c + 25. Let v(g) = q(g) - 5*y(g). Let p be v(-6). Suppose 0 = -4*l - 149 + p. Is l a prime number?
False
Let h = -39297 + 72476. Is h a prime number?
True
Let l = -67841 + 180820. Is l composite?
False
Suppose -4*z - 4*f = 105 - 2005, 5*z - 4*f = 2339. Suppose -4*i + z + 2093 = 0. Is i prime?
True
Let i = -8886 - -19143. Suppose -i + 26056 = 7*p. Is p prime?
False
Suppose 4*u - 20960 = 10704. Suppose -i = -1563 - u. Is i a composite number?
False
Let y = -426 - -2091. Let i = 2 - -1. Suppose i*t - 4*m = y, -4*t - m + 548 = -3*t. Is t composite?
True
Let w = 229163 - 4494. Is w prime?
True
Let g = 2 - 3. Let o(b) = 2*b + 5290*b**2 + 2 - 2643*b**2 - 7792*b**3 - 2646*b**2. Is o(g) prime?
True
Suppose 4*x + 1 + 11 = 0. Let d(g) = -64*g**3 - 4*g**2 + 4*g - 7. Is d(x) composite?
True
Let y be ((-24)/20)/((-6)/15). Let m(x) = -2*x**3 + 19*x**2 - 7*x - 18. Let u be m(9). Suppose 0 = -5*l - 1 + 11, -y*n + 2*l + 1019 = u. Is n prime?
False
Let r be (-182547)/(-6) - (2 + (-3)/2). Is 14/4*r/28 a prime number?
True
Let w(h) be the first derivative of -7*h**2/2 + 17337*h + 148. Is w(0) a composite number?
True
Suppose 2*w + 12*w = -14*w + 30716. Is w a composite number?
False
Let j = 112124 - -800841. Is j a composite number?
True
Let j = -5598 - -8655. Suppose 3*t + j = 3*v, -2*v + t - 3053 = -5*v. Is v a composite number?
True
Let l = -2659 + -1647. Let z = 6348 + l. Suppose 3*b - 3235 = z. Is b prime?
True
Let o = 17 + -10. Let f(y) = -15*y + 2. Let c(d) = -2*d + 26. Let k(h) = c(h) - 2*f(h). Is k(o) composite?
True
Let h = -30724 - -102846. Is h a prime number?
False
Suppose -5*w + 0*k - 2*k + 61730 = 0, -k + 49387 = 4*w. Suppose 8*c = w - 2252. Is c prime?
False
Let n(q) = -574*q + 273. Let c(j) = 44*j - 21. Let w(y) = 77*c(y) + 6*n(y). Is w(-5) a composite number?
True
Let t(g) = -2*g**3 - 37*g**2 + 81*g - 59. Is t(-40) a prime number?
False
Let a(u) = 7*u**3 + 91*u**2 + 69*u + 56. Is a(41) a composite number?
False
Suppose 8674 = 3*n - 2*n - 5*o, 0 = 3*n + 3*o - 25968. Suppose -4*m + 23802 = 5*h, 2*h - n = 5*m - 38428. Is m a prime number?
True
Suppose 0*p + 4*p = 0, 2*x = 4*p + 116. Suppose 0 = -51*f + x*f - 49483. Is f a composite number?
False
Suppose -54*m + 944 + 28 = 0. Suppose 0*v = 2*c + v - 3513, 5*c + 3*v = 8785. Suppose 16*x + c = m*x. Is x a prime number?
True
Let x = 2680 - 5715. Let i = -1054 - x. Suppose -n + 3*n + 5*c - i = 0, 0 = -5*n - 4*c + 4961. Is n composite?
True
Suppose 4956*w - 4877*w - 109315381 = 0. Is w a composite number?
True
Let b(y) = 2940*y**2 - 30*y + 229. Is b(9) a composite number?
False
Let p be (1 + (-2 - -2))/((-1)/(-4)). Suppose 38 = p*f + 6. Suppose -6*j + 1666 = f*j. Is j composite?
True
Let q(z) = 1361*z**3 + 13*z**2 - 15*z + 2. Suppose 6*u + 157 = 163. Is q(u) a composite number?
False
Let m(k) be the second derivative of 2620*k**3/3 - 237*k**2/2 - 17*k + 2. Is m(9) a composite number?
True
Suppose -3*d = 3*f - 24, -4*d + 2*f + 11 = -3. Suppose t = 3*y + 35008, 59*t - 57*t - d*y = 70021. Is t a prime number?
True
Suppose -133 + 73 = 5*c. Is ((-18532)/c + -5)/(4/12) composite?
True
Is 195/(-117) - 1295592/(-9) a prime number?
True
Suppose 5*w - 5*k - 4400 = 0, -4*k - 883 = -15*w + 14*w. Is w prime?
False
Suppose 229*q - 1909539 = 220*q. Is q composite?
True
Is 786008 + (88/(-12))/(-11)*(-21)/2 a composite number?
False
Suppose -5*w - 803857 + 2583142 = 0. Is w a composite number?
True
Let u be (-6)/39 + 805914/117. Suppose 8*d - u = 12*d. Let k = 4225 + d. Is k a composite number?
False
Suppose 7*u - 31 = 39. Suppose -u - 5 = -5*h. Suppose 0 = -i + h, 5*i + 55 = -w + 181. Is w a composite number?
True
Let k = 303755 - 166188. Is k prime?
True
Suppose -5*t - j + 30 = -2*t, -t + 10 = -4*j. Suppose -t*u + 5*u + 17859 = -z, -7158 = -2*u + 4*z. Is u composite?
False
Let a(x) = 22*x + 25*x**2 - x**3 - 42 + 1 - 32*x. Is a(20) a composite number?
False
Is -4295*(5 + 7 + (-11 - 2)) a prime number?
False
Let i be 112/126*(-9)/(-2). Is 12602 + i + 2 + 3 + -6 prime?
False
Let c(w) = 1544*w**2 - 100*w - 673. Is c(-6) prime?
True
Is (-289402)/(-3)*1360/(-1632)*9/(-5) prime?
True
Let r be (-1 + 1 + 8)*(-4)/(-16). Let g(p) = -16 + 12*p**r + 32*p**2 + 39*p**2 + 6*p. Is g(3) prime?
False
Let s(k) = k**3 + 10*k**2 + 24*k + 7. Let r be s(-6). Let q(d) = 12*d**3 - d**2 + 7*d - 5. Is q(r) prime?
True
Let l(f) = -2*f**3 - 3*f**2 + f + 4. Let g(q) = q**2 + 19*q - 2. Let x be g(-19). Let w be l(x). Let s(y) = 67*y - 23. Is s(w) composite?
False
Let g = -41 - -43. Suppose d + 2*p - 6 = p, g*p = -d + 8. Suppose 0 = 2*b - o + 128 - 2288, d = 2*o. Is b composite?
True
Let g be (21/(-9))/7*-66. Suppose 0 = -3*a + g*a - 25251. Is a a prime number?
False
Let k(h) = h**3 + 16*h**2 - 17*h - 5. Let y be k(-17). Let a(d) = -483*d + 44. Is a(y) composite?
False
Suppose 0 = o + 4*m - 3, -2 = -4*o - 4*m + 10. Suppose j = i + 416, 0*i - 1240 = o*i - j. Let b = i - -747. Is b a composite number?
True
Is (-6 - -4)/(66/(-5720451)) a composite number?
False
Suppose -2*a = -r + 5, 3*r = 2*a - 0*r + 3. Let l be (3/27*a)/1*-15. Suppose l*i = -2*n + 2227, 0*i = 5*n - 2*i - 5611. Is n composite?
True
Suppose 2*n = a - 661, 5*a - 3*n = -2*n + 3314. Suppose -11*v + w = -9*v - 1290, -v - 4*w = -a. Is v a prime number?
True
Let v be 24*8*2/8. Is 4*-22*2/v*-267 composite?
True
Let p(z) = -7*z**2 + 6*z - 2. Let o be p(8). Let a be (-14 + (1136 - 19))/(-2 - -1). Let q = o - a. Is q a composite number?
False
Let d(g) = 54021*g - 2228. Is d(13) a composite number?
True
Let j(l) = -l + 1. Let x(u) = -3424*u - 28. Let i(z) = 4*j(z) - x(z). Let r(a) = -1140*a - 11. Let t(o) = 2*i(o) + 7*r(o). Is t(-4) composite?
False
Let x be (3 - 7/2)*-6. Suppose -9*u = -x*u - 28146. Let i = u + -3252. Is i a composite number?
False
Suppose -15*h = -7*h - 1617832. Is h a prime number?
False
Is (-2)/(-10) - (-117)/65 - -118931 composite?
True
Let g be (-5)/(-2) + (3 - (-36)/(-8)). Let j be g - 0 - 2232/12. Let a = -100 - j. Is a a composite number?
True
Suppose 5*t = -4*j - 7, -5*t - 24 = -9. Let z be 4/14 - (8361210/77)/(-10). Suppose z = 5*s - 2*c, -3*s + 2*c + 6507 = -j*c. Is s a prime number?
False
Let f be ((-3072)/4)/(-4) - 6/6. Let a = 322 - f. Is a prime?
True
Let l(c) = -c**3 + 11*c**2 - 9*c - 9. Let g be l(10). Let b(v) = 8528*v + 3. Is b(g) a composite number?
True
Let l(x) = 989*x - 5447. Is l(62) composite?
False
Suppose 52047 = f - u, 104110 = 2*f - 81*u + 83*u. Is f a prime number?
True
Let w = 69946 + 56451. Is w composite?
False
Let j(g) = -44005*g - 129. Is j(-2) composite?
False
Let r be (-9 - 22812/84)/((-4)/14). Let c = 3980 - r. Is c a composite number?
True
Suppose -5*z + 2*z = -706134. Suppose -40*d = -66*d + z. Is d a composite number?
True
Let b(k) = -600*k + 91. Let a = 255 + -261. Is b(a) a composite number?
False
Let c = 158 + -158. Suppose c = g - 3326 - 483. Is g prime?
False
Let n(o) = o**3 - 86*o**2 + 48*o - 2179. Is n(108) composite?
True
Let z be (36/5)/((-192)/(-109920)). Let f = z - 733. Is f prime?
True
Let m(s) = 16*s + 147. Let c be m(-9). Suppose -5*u = c*g - 5683, 6*u - 9501 = -5*g + 5*u. Is g prime?
True
Suppose -b = -15*b + 3*q + 111457, -15917 = -2*b - 5*q. Is b composite?
True
Suppose 3*s - 11 = -2*x, s - 5 = x - 3. Let g be (0 + 3 + 1)*(x + 0). Suppose g*f + 38 = 6*f. Is f composite?
False
Let c(t) = -737*t**2 + 5 + 1482*t**2 + 861*t**2 - 4*t. Is c(2) composite?
False
Let w = 849 + -540. Suppose -5*p + w = 2244. Is (p + 5)*3/(-6) prime?
True
Is (-7)/1 - (-191372 + 26) prime?
True
Suppose 33 = 3*p + 30. Is 2/(-5) - (p + 42024/(-10)) composite?
False
Suppose y - 49*y - 864 = 0. Let v(l) = -2*l**3 - l**2 + 12*l + 25. Is v(y) a composite number?
False
Is 2/10 - (918320/(-25) - 6) composite?
False
Suppose -580*i = -588*i + 4719208. Is i a composite number?
True
Let n = 452561 - 263950.